. Let l(o) = 3658*o**2 + 2*o - 1. Is l(u) a composite number?
False
Is ((-8948)/6)/(-4 + 20/6) prime?
True
Suppose -4*i = 2*x - 28, -5*x = -0*i + 3*i - 35. Suppose x*t + 255 = 43. Let m = t - -91. Is m a prime number?
False
Let i(z) = 50*z**3 + 7*z**2 + 5*z + 3. Let j be i(-4). Let w be j/(-46)*1*4. Suppose -2*p + 261 = 3*m - w, 4*m - 2*p = 722. Is m a prime number?
True
Suppose 3*c = f + 24, 5*c - 2*f - 21 - 19 = 0. Suppose -6255 = -c*b + 1001. Is b composite?
False
Suppose 0 = -s - z + 828 + 531, -5*z = -3*s + 4093. Is s a prime number?
True
Suppose 4*o = 10*o + 120. Is 2 - (-5)/(o/(-44)) composite?
False
Suppose -29503 = -18*k + 39491. Is k a prime number?
True
Let v(u) = 2*u**2 - 5*u + 13*u - 19 + 8*u. Is v(-15) composite?
False
Let g(i) = i**2 + 22*i + 40. Let r be g(-20). Suppose -3*h = l - r*l - 3126, -5*l = 2*h - 2071. Is h prime?
False
Let d be (-6 + 7)*(87 - (-1 + 0)). Suppose -86*f = -d*f + 1002. Is f composite?
True
Let c = -9 + 11. Suppose c*j - 1017 = 399. Is (-6)/(-15) + j/5 prime?
False
Is (-82866)/9*(-57)/38 a composite number?
True
Let q(m) be the third derivative of 469/24*m**4 - 1/3*m**3 + 0 + 6*m**2 + 0*m. Is q(1) prime?
True
Let w = 7606 + 5893. Is w a prime number?
True
Let q = -7350 + 13159. Is q a composite number?
True
Let o = 15 + -12. Suppose 5*k - 338 = o*k. Suppose k = y + 5*a, -2*a = 4*y - 8*y + 588. Is y a prime number?
True
Let s(f) = -2*f + 3. Let y(p) = -5*p + 6. Let i(r) = -7*s(r) + 3*y(r). Let j be i(-5). Suppose -3*w = -j*w - 251. Is w composite?
False
Let p = 2 + 1. Let x(y) = -15*y - 17*y + 5 - p - 3. Is x(-4) a composite number?
False
Let v(f) = f**3 + 22*f**2 + 2*f + 58. Is v(-11) a prime number?
True
Suppose 425 = -3*o - 202. Is 6/57 + (-49093)/o composite?
True
Let a = -19 + 109. Suppose -4*k = 5*d - 240, -2*k + 2*d + 3*d = -a. Is k a composite number?
True
Let t = -28 - -39. Suppose 0 = -t*q + 6*q + 475. Is q prime?
False
Let k(b) = -2*b**2 + 44*b + 5. Is k(18) a composite number?
False
Suppose -5*n + 579 = 29. Suppose -j + 31 = -4*h, 3*j - n = -0*j - 5*h. Is j a prime number?
False
Suppose 3*n = -2*q, -q + 3*n - 3 = -4*q. Let l be 1 - (-2 - -1*102). Is -4 + q - (l + 1) a composite number?
False
Let t be -7*2/(-8)*4. Let x = 10 - t. Let i(u) = 5*u**2 + 3*u - 1. Is i(x) prime?
True
Suppose 346*q - 19431 = 337*q. Is q a prime number?
False
Let p be (1/2)/(2/(-4)). Is (p/2)/(3/(-17994)) a composite number?
False
Let b(f) = -4241*f - 26. Is b(-3) a composite number?
False
Let r(p) = p**2 + 9*p + 8. Let b be r(-8). Suppose b = 4*v, 3*s + s - 572 = -5*v. Is s prime?
False
Let t be (-1)/(3/3) + 2. Let k(u) be the third derivative of u**5/3 + u**4/12 - u**3/6 + 3*u**2. Is k(t) a composite number?
True
Let f(n) = -14*n + 11. Let s be f(-7). Let x be (24/(-3))/((-2)/s). Suppose -4*i - 128 = -x. Is i composite?
True
Let r be 45/(-4) - 2/(-8). Let x = -9 - r. Let d(t) = 278*t + 1. Is d(x) composite?
False
Let d(n) = 3*n**2 - 7*n - 9. Let p = -21 - -29. Is d(p) a composite number?
False
Suppose 2*m - t - t = -4, -3 = m - 2*t. Let j(w) = 3 + 295*w**2 + 19*w**2 - 2 - 16*w**2. Is j(m) prime?
False
Let a = 2665 - -1714. Is a a composite number?
True
Suppose 2*a - 4836 = g + 8810, 0 = a + 3*g - 6823. Is a a prime number?
True
Let l = -12047 + 22698. Is l composite?
False
Suppose -5*s + 3*i = -59, s - 1 - 3 = -2*i. Let a(h) = 7*h**2 - 34*h + 7. Is a(s) composite?
False
Let m(c) = -9591*c + 10. Is m(-1) a composite number?
False
Suppose -v - 4*o + 22 = 0, 32 = -2*v + 4*v + 4*o. Suppose 8*a + 314 = v*a. Is a composite?
False
Suppose 0 = -4*t + 14155 - 4947. Suppose -21*c + t = -19*c. Is c composite?
False
Suppose 46*x - 503 = 45*x. Is x composite?
False
Let r be (11*-5)/(3/3). Suppose 4*y = 3*y + 144. Let g = y + r. Is g prime?
True
Let h(m) be the first derivative of -9*m + 8 - 3/2*m**2. Is h(-8) prime?
False
Let q(b) = -18*b + 6. Let s(x) = 6*x**2 + 2*x - 2. Let j be s(1). Let c(h) = -17*h + 6. Let a(d) = j*q(d) - 7*c(d). Is a(5) a composite number?
True
Let q = 41 - 24. Suppose -4*n + 2*g + 5 = -21, 3*n - 2*g - q = 0. Suppose 37 = 4*w + n. Is w a composite number?
False
Let k be (4 + 0)/((-6)/(-1923)). Suppose 3*t - k = t. Is t a prime number?
True
Let z be ((-7)/2)/((-1)/14). Is 9737/z - 4/(-14) composite?
False
Let w(r) be the first derivative of r**4/4 + 5*r**3/3 - r**2 + 3*r - 10. Let t be w(-4). Is (-18)/t - (-2350)/6 a composite number?
True
Let v(y) = y - 15. Let b be v(19). Is 1/(-6)*9246/b*-4 composite?
True
Suppose 8*d = 4*d - 12. Is d*(26*(-87)/18 - 4) a composite number?
False
Suppose 0 = -122*w + 100*w + 120604. Is w a prime number?
False
Let r(g) = 221*g - 291. Is r(12) composite?
True
Suppose 0 = b - 0*b - 3012. Suppose 2*s - 1490 = -2*p, -4*p - s + 5*s + b = 0. Is p prime?
False
Let j(l) = -l**3 - 7*l**2 + 18*l - 2. Let z be j(-9). Is (z/(-3)*3)/(34/5729) composite?
False
Let y = 1567 - 834. Is y a composite number?
False
Suppose 0 = r - q - 5859, 6*q - q - 5835 = -r. Is r prime?
False
Suppose -713 - 2628 = -u. Is u composite?
True
Let t = 10 - 10. Suppose 0 = 4*z - t - 4. Is 345/(-6)*z*-2 a composite number?
True
Let o = 2 - -3. Suppose -11*q = -7*q - 8. Is 1/q*(417 + o) prime?
True
Suppose -3*l - 14244 = -3*r, 3*r = -10*l + 9*l + 14256. Is r prime?
True
Let y = 374 + 694. Suppose -2*q - y = -6*q. Is q a prime number?
False
Suppose 0 = 3*k - g - 4*g - 89688, -2*k - 4*g + 59814 = 0. Is k a prime number?
False
Is 501 - 2 - 1*-3 a composite number?
True
Suppose 2*f = 5*j - 25, -2*j + 5*f + 7 = -3. Suppose 4*o - 4*q - 3084 = 0, j*o = 3*q + 1182 + 2669. Is o a prime number?
True
Let i(m) be the third derivative of -m**5/60 + m**4/8 + 79*m**3/6 + 3*m**2. Is i(0) a prime number?
True
Let l(u) be the third derivative of u**6/120 + u**4/8 - 3*u**3/2 + 3*u**2. Suppose 4*g + f = 25, -45 = -5*g - 5*f + 5. Is l(g) a composite number?
False
Is -16 + 6 + 5 + 10478 a composite number?
True
Suppose -m + 16 = -3*y, -m - 4*y = -0*m + 12. Suppose m*a - 4 = 2*i, -8*i + 20 = 5*a - 3*i. Suppose -3*l + 8*l = -a*h + 479, 5*h + 403 = 4*l. Is l prime?
True
Suppose 7 - 13 = 3*r. Let s = r - -9. Is s prime?
True
Let j(p) = -1589*p**3 - 5*p**2 - 3*p + 2. Let c be j(-2). Suppose 3*v + c = 8*v. Suppose 1445 = 5*m - v. Is m prime?
True
Let j(a) = a**3 + 9*a**2 + 5*a - 4. Let z be j(-8). Let k be (-9)/21 - 524/(-14). Suppose -3*w + k = -z. Is w a prime number?
True
Let c be (19 - 4)*(-5)/15. Let f = c + 298. Is f prime?
True
Suppose -3*v - v = 0. Let u = 4 - 8. Is 26 + (u - v) - 0 a composite number?
True
Suppose 10*v - 37770 - 366460 = 0. Is v a composite number?
False
Let p = -23 - -21. Let r(b) = -55*b**3 - 3*b**2 - b - 1. Let c be r(p). Let t = c - 238. Is t prime?
True
Suppose 22*i - 17*i = 18995. Is i composite?
True
Suppose -2*m - 7 = -17. Suppose 3*p + 49 = 5*n, -2*p + 98 = m*n + 39. Is n a prime number?
True
Let b(j) = 4*j - 1 - 4*j**3 + 18*j**3 + 15*j**3 + j**3 + 2*j**2. Is b(3) composite?
False
Let r(h) = 3201*h - 277. Is r(4) composite?
False
Suppose -3*q + 0*q - 3*y + 36 = 0, -5*y = -q - 6. Suppose q = -4*l + u + 2*u, 3*l + 5*u = -14. Is (-74*1)/(-1) - l composite?
True
Suppose 3*f + 2*c = 32 + 12, 2*f - 22 = -5*c. Let h(m) = m**3 - 6*m**2 - 3*m - 34. Let d be h(7). Is (-190)/d - f/24 a prime number?
True
Let s = -3 + 5. Suppose -s - 2 = -q. Suppose 0 = q*c - 74 - 930. Is c a composite number?
False
Suppose -24*j + 29349 = 3*j. Is j a prime number?
True
Suppose -s - 9 = -5*a, 3 = -2*s - 5. Let j be -1 + -216 + a*-3. Let m = j + 369. Is m a composite number?
False
Suppose -3*g - 35 = -5*j + 2*g, 0 = -5*g - 15. Suppose -59 + 203 = 4*o + j*b, 116 = 3*o - b. Is o a composite number?
True
Let j(q) = 83*q**2 + 32*q + 143. Is j(-4) a prime number?
False
Let c(u) = -u**3 + 9*u**2 - u + 9. Let d be c(9). Suppose -2*x + z + 11 = -d*x, -x + 2*z + 10 = 0. Suppose x*p - 1011 = p. Is p composite?
False
Let j = 2719 + 3478. Is j prime?
True
Suppose 0 = -7*r + 9*r + 3*p + 1786, 5*r + 4465 = p. Let z = -226 - r. Is z composite?
True
Is 19 + -20 + 3757*2 a prime number?
False
Suppose 0 = 5*d - 27 - 3. Suppose -2*i + 1620 = 5*j - d, 3*j = 5*i - 4065. Is i a composite number?
True
Let y(z) = -23*z**2 + 3*z + 6. Let x be y(3). Let u = 499 + x. Is u a prime number?
True
Let n be 11 + -15 - 4*26. Let a be ((-118)/(-6))/((-4)/n). Suppose -